u + 220. Determine s(18).
166
Let g(u) = -146*u - 1035. Calculate g(-7).
-13
Let w(z) = z**3 - 6*z**2 - 263*z + 327. Calculate w(19).
23
Let r(j) = -j**3 + 7*j**2 + 27*j + 4. Give r(10).
-26
Let a(r) = -68*r + 1086. Give a(16).
-2
Let t(f) = -4*f**2 + 14*f - 23. Determine t(2).
-11
Let k(i) = -4679*i + 4714. Calculate k(1).
35
Let f(t) = -t**2 + 12*t + 25. What is f(-2)?
-3
Let z(p) = 9*p**3 - 3*p**2 - 14*p + 12. Calculate z(3).
186
Let q(f) = 3*f**3 + 14*f**2 - 26*f - 15. What is q(-7)?
-176
Let i(b) = 15*b + 243. Calculate i(8).
363
Let n(k) = k**2 + 52*k + 463. What is n(-12)?
-17
Let u(r) = -4*r**2 - 67*r + 906. Give u(12).
-474
Let p(i) = -12*i - 948. Give p(-78).
-12
Let y(n) = 11*n - 1924. Calculate y(175).
1
Let x(k) = 975*k - 4860. Calculate x(5).
15
Let v(h) = -2*h**2 - 146*h + 9980. Determine v(-116).
4
Let c(a) = -a**3 + 101*a**2 - 9*a + 919. Give c(101).
10
Let t(m) = 821*m - 18066. Determine t(22).
-4
Let q(o) = -776*o - 16299. Give q(-21).
-3
Let g(r) = r**3 - 23*r**2 - 65*r + 1926. Calculate g(22).
12
Let w(n) = -n**3 - 2*n**2 + 4*n - 58. Give w(-6).
62
Let c(r) = 11*r**2 + 80*r + 9. Calculate c(-14).
1045
Let x(y) = -8*y**3 - 122*y**2 + 96*y + 15. Give x(-16).
15
Let k(f) = 115*f + 428. Calculate k(-4).
-32
Let l(q) = 303*q + 2721. What is l(-9)?
-6
Let d(v) = -8*v**2 + 3*v - 14. What is d(6)?
-284
Let v(u) = u - 6. Give v(11).
5
Let l(h) = -h**2 - 428*h - 10793. Calculate l(-27).
34
Let x(z) = 46*z + 1046. Give x(-24).
-58
Let h(k) = 8*k**2 - 6*k + 31. Calculate h(4).
135
Let v(t) = -2*t**3 + 17*t**2 - 73*t + 92. Give v(2).
-2
Let h(o) = 2*o**3 + 465*o**2 + 464*o + 1. Determine h(-1).
0
Let s(y) = y**3 - 14*y**2 + 93*y - 669. What is s(11)?
-9
Let c(q) = -15*q**2 - 247*q - 94. What is c(-16)?
18
Let h(i) = i**3 + 27*i**2 + 5*i - 1565. Give h(-24).
43
Let q(m) = 92*m - 18672. Calculate q(203).
4
Let m(s) = 5*s**3 + 28*s**2 + 17*s + 32. What is m(-5)?
22
Let l(m) = m**3 + 114*m**2 + 1802*m - 282. Determine l(-95).
3
Let g(r) = r**2 + 15*r - 27. Calculate g(-18).
27
Let c(j) = 953*j + 8560. What is c(-9)?
-17
Let l(a) = -a**2 + 62*a - 818. Determine l(19).
-1
Let c(s) = s**3 - 12*s**2 + 20*s + 16. What is c(6)?
-80
Let d(z) = 617*z + 608. Calculate d(-1).
-9
Let i(n) = -284*n + 282. Calculate i(1).
-2
Let m(a) = -22*a + 33. Determine m(6).
-99
Let i(b) = 5411*b - 10829. Determine i(2).
-7
Let u(n) = -n**3 - 144*n**2 - 137*n + 873. Give u(-143).
15
Let c(i) = -38*i**3 - 4*i**2 - 18*i - 14. Determine c(-1).
38
Let f(h) = -5*h**3 - 10*h**2 - 8*h - 10. Give f(-2).
6
Let c(v) = 26*v**2 - 154*v - 16. Give c(6).
-4
Let j(o) = o**3 + 4*o**2 - 46*o - 196. Calculate j(-6).
8
Let f(d) = -d**3 + 54*d**2 - 6*d + 360. Give f(54).
36
Let r(a) = -a**3 + 44*a**2 - 98*a - 1017. What is r(41)?
8
Let o(j) = -108*j - 224. Give o(-7).
532
Let d(k) = -761*k + 4563. What is d(6)?
-3
Let v(p) = -316*p + 72. Calculate v(4).
-1192
Let s(g) = -g**2 - 249*g - 5396. Give s(-24).
4
Let f(a) = -11*a**2 + 4*a + 75. Give f(8).
-597
Let q(d) = 138*d + 244. Determine q(-2).
-32
Let t(i) = -2*i**3 - 16*i**2 - 17*i - 24. Determine t(-6).
-66
Let z(j) = j**3 - 35*j**2 + 62*j + 81. What is z(33)?
-51
Let h(x) = x**2 + 53*x + 354. Calculate h(-7).
32
Let j(o) = 2*o**3 + 465*o**2 + 168*o - 14844. Calculate j(-232).
4
Let c(m) = m**2 + 16*m + 30. Determine c(0).
30
Let i(u) = -u**2 - 14*u + 144. Give i(-22).
-32
Let j(a) = a**2 + 103*a + 1865. Give j(-80).
25
Let u(a) = a**3 - 92*a**2 - 12*a + 1015. What is u(92)?
-89
Let d(m) = -282*m + 3650. Determine d(13).
-16
Let m(c) = c**2 - 63*c - 272. Determine m(-4).
-4
Let p(z) = -129*z + 116. Give p(1).
-13
Let m(z) = 169*z - 2490. Determine m(15).
45
Let v(k) = -92*k**3 + 2*k**2 - k - 8. Give v(-2).
738
Let m(r) = r**2 + 35*r - 568. Calculate m(-47).
-4
Let z(j) = -j**3 - 106*j**2 + 1818*j - 31. Determine z(15).
14
Let f(w) = 62*w + 3407. What is f(-55)?
-3
Let a(v) = -11*v**2 + 14*v + 1. What is a(-3)?
-140
Let i(w) = -2*w**2 - 84*w + 677. Determine i(7).
-9
Let y(s) = 3*s - 11. Determine y(-2).
-17
Let d(r) = -22*r + 44. Give d(11).
-198
Let x(k) = -4321*k + 69142. Calculate x(16).
6
Let c(q) = -12559*q + 163273. Calculate c(13).
6
Let s(k) = 7*k**2 + 167*k + 146. Give s(-23).
8
Let a(j) = -7573*j - 22691. Give a(-3).
28
Let t(m) = 2*m**3 + 16*m**2 - 1889*m - 28. Give t(27).
-1
Let t(p) = -1108*p - 32127. Give t(-29).
5
Let p(v) = 11*v - 45. Determine p(11).
76
Let f(v) = v**3 + 5*v**2 - 65*v - 11. Calculate f(6).
-5
Let b(l) = -l**2 + 202*l - 7779. Give b(52).
21
Let v(n) = -n**3 + 9*n**2 - 17*n + 154. Give v(9).
1
Let n(t) = 21*t + 298. What is n(-15)?
-17
Let o(n) = 5*n**2 + 64*n - 333. Determine o(4).
3
Let q(v) = 23*v**2 - 320*v + 2. Determine q(14).
30
Let w(s) = -5*s**2 + 291*s - 2214. Calculate w(9).
0
Let j(d) = -29*d + 3081. What is j(111)?
-138
Let z(j) = j**2 + 182*j + 1839. Calculate z(-12).
-201
Let y(o) = -o**3 + 44*o**2 + 85*o + 383. Determine y(46).
61
Let j(h) = -h**2 - 3*h + 130. Calculate j(10).
0
Let x(k) = k**3 - 8*k**2 - 20*k - 67. Calculate x(-5).
-292
Let y(z) = 15*z - 2403. Determine y(160).
-3
Let c(v) = -v**3 - 30*v**2 + 258*v - 40. What is c(-37)?
-3
Let v(z) = 26*z + 13. Give v(2).
65
Let i(w) = -w**3 + 26*w**2 - 174*w + 66. Calculate i(13).
1
Let j(r) = 21*r - 38. Calculate j(13).
235
Let c(l) = 121*l + 2907. What is c(-24)?
3
Let b(p) = -17*p**2 + 1801*p + 93. Give b(106).
-13
Let c(i) = -57*i + 884. Determine c(18).
-142
Let g(r) = 77*r + 49. Give g(-3).
-182
Let g(o) = -o**2 + 10*o - 12. Calculate g(4).
12
Let u(p) = -p**3 + 91*p**2 + 2624*p - 271. Determine u(114).
-43
Let j(n) = 7*n**2 - 53*n - 12. What is j(10)?
158
Let s(r) = 564*r - 25949. What is s(46)?
-5
Let p(c) = -c**2 + 15*c - 47. Calculate p(6).
7
Let g(b) = -16*b - 13. Determine g(0).
-13
Let p(f) = -873*f - 15717. Determine p(-18).
-3
Let u(j) = -j**2 + 3*j + 673. Calculate u(-25).
-27
Let a(j) = 2*j**3 - 102*j**2 + 877*j + 117. Calculate a(40).
-3
Let i(d) = d**2 + 173*d - 1062. What is i(6)?
12
Let w(f) = -5*f - 127. What is w(-38)?
63
Let n(k) = 7*k**3 - 6*k**2 + k - 1. Determine n(3).
137
Let q(x) = 151*x + 1362. Give q(-9).
3
Let a(c) = -4*c**2 - 17*c + 1460. Give a(17).
15
Let r(m) = 45*m**3 + 4*m**2 - 3*m - 3. Determine r(2).
367
Let i(c) = 94*c - 2086. What is i(22)?
-18
Let n(x) = -x**2 - 2*x + 92. Determine n(-10).
12
Let a(c) = -47*c - 100. Give a(-6).
182
Let m(l) = -3*l**3 - 9*l**2 + 19*l - 58. What is m(-5)?
-3
Let o(j) = -11*j**2 + 143*j + 45. Determine o(16).
-483
Let t(c) = 37*c + 1525. What is t(-41)?
8
Let y(f) = -700*f + 11200. What is y(16)?
0
Let q(u) = -7*u**2 - 9*u - 8. Give q(5).
-228
Let x(l) = -l**3 - 5*l**2 - 2*l - 44. Calculate x(-7).
68
Let m(y) = 95*y + 547. What is m(-6)?
-23
Let q(p) = 184*p + 9. What is q(1)?
193
Let y(v) = -2*v**2 - 24*v + 2799. What is y(-44)?
-17
Let y(t) = -t**3 + 121*t**2 - 3058*t - 194. What is y(85)?
-24
Let l(y) = 2*y**2 - 123*y + 1902. What is l(32)?
14
Let z(c) = 51*c + 4379. Determine z(-86).
-7
Let n(v) = 3*v**3 - 30*v**2 - 10*v + 15. Determine n(10).
-85
Let q(g) = -310*g - 9297. What is q(-30)?
3
Let m(w) = -2*w**3 + 22*w**2 + 26*w - 7. What is m(12)?
17
Let k(a) = 262*a + 3333. What is k(-12)?
189
Let n(h) = 2328*h - 16301. Calculate n(7).
-5
Let z(s) = -96*s + 635. Determine z(8).
-133
Let r(u) = 3188*u + 38252. Calculate r(-12).
-4
Let j(t) = t**3 + 21*t**2 + 20*t + 8. Give j(-20).
8
Let w(v) = v**2 - 1772*v + 116. What is w(0)?
116
Let k(c) = c**3 - 85*c**2 + 85*c - 72. Determine k(84).
12
Let o(p) = 3*p**3 + 60*p**2 + 61*p + 58. Calculate o(-19).
-18
Let a(d) = -d**3 - 13*d**2 + d + 15. Give a(-11).
-238
Let r(b) = -285*b - 1706. What is r(-6)?
4
Let z(o) = -79*o - 1270. Give z(-16).
-6
Let c(l) = -22*l + 310. Determine c(19).
-108
Let k(p) = -8*p**2 + 95*p + 3. Determine k(12).
-9
Let k(n) = 2*n**3 + 21*n**2 - 7*n - 53. Calculate k(-11).
-97
Let b(m) = -m**2 + 53*m + 3568. Determine b(92).
-20
Let x(v) = 49*v + 3286. What is x(-67)?
3
Let q(s) = -s**3 + 14*s**2 - 57*s + 567. Determine q(13).
-5
Let k(b) = b + 141. Give k(-19).
122
Let i(q) = -2*q**3 + 131*q**2 - 66*q - 16. Give i(65).
-81
Let c(t) = -6*t**2 + 40*t + 21. Determine c(7).
7
Let j(m) = -2*m**2 - 6*m + 48. Determine j(5).
-32
Let d(j) = 36*j - 154. What is d(4)?
-10
Let y(z) = 9*z - 239. G